{"id":959,"date":"2023-06-24T16:29:48","date_gmt":"2023-06-24T14:29:48","guid":{"rendered":"https:\/\/lookatme-biocosmetiques.barma-solutions.com\/?post_type=product&#038;p=959"},"modified":"2023-06-24T16:33:45","modified_gmt":"2023-06-24T14:33:45","slug":"huile-dhibiscus","status":"publish","type":"product","link":"https:\/\/lookatme-biocosmetiques.barma-solutions.com\/index.php\/produit\/huile-dhibiscus\/","title":{"rendered":"Huile d&#8217;Hibiscus"},"content":{"rendered":"","protected":false},"excerpt":{"rendered":"<p>FORTIFIANT\u00a0TONIFIANT\u00a0NOURRISSANT<\/p>\n<h2><strong><b>Description<\/b><\/strong><\/h2>\n<p><strong><b>HUILE D&#8217;HIBISCUS<\/b><\/strong><\/p>\n<p><em><i>Nourrissante, r\u00e9g\u00e9n\u00e9rante !<\/i><\/em><\/p>\n<p>L\u2019huile d\u2019Hibiscus est singuli\u00e8re pour sa richesse en &#8230; <\/p>\n","protected":false},"featured_media":961,"comment_status":"open","ping_status":"closed","template":"","meta":[],"product_cat":[142],"product_tag":[],"_links":{"self":[{"href":"https:\/\/lookatme-biocosmetiques.barma-solutions.com\/index.php\/wp-json\/wp\/v3\/product\/959"}],"collection":[{"href":"https:\/\/lookatme-biocosmetiques.barma-solutions.com\/index.php\/wp-json\/wp\/v3\/product"}],"about":[{"href":"https:\/\/lookatme-biocosmetiques.barma-solutions.com\/index.php\/wp-json\/wp\/v2\/types\/product"}],"replies":[{"embeddable":true,"href":"https:\/\/lookatme-biocosmetiques.barma-solutions.com\/index.php\/wp-json\/wp\/v2\/comments?post=959"}],"wp:featuredmedia":[{"embeddable":true,"href":"https:\/\/lookatme-biocosmetiques.barma-solutions.com\/index.php\/wp-json\/wp\/v2\/media\/961"}],"wp:attachment":[{"href":"https:\/\/lookatme-biocosmetiques.barma-solutions.com\/index.php\/wp-json\/wp\/v2\/media?parent=959"}],"wp:term":[{"taxonomy":"product_cat","embeddable":true,"href":"https:\/\/lookatme-biocosmetiques.barma-solutions.com\/index.php\/wp-json\/wp\/v2\/product_cat?post=959"},{"taxonomy":"product_tag","embeddable":true,"href":"https:\/\/lookatme-biocosmetiques.barma-solutions.com\/index.php\/wp-json\/wp\/v2\/product_tag?post=959"}],"curies":[{"name":"wp","href":"https:\/\/api.w.org\/{rel}","templated":true}]}}